atest common factor of 665032022 and 269?
269
What is the highest common divisor of 114957 and 3273021?
2169
Calculate the highest common factor of 66352 and 2092408.
232
Calculate the greatest common factor of 56 and 781736.
8
Calculate the highest common factor of 1700076 and 7728.
84
Calculate the greatest common divisor of 40218178 and 3146.
286
What is the greatest common factor of 26169612 and 168?
84
What is the greatest common divisor of 75570 and 673860?
330
What is the greatest common divisor of 46 and 175888452?
46
What is the greatest common divisor of 4310 and 37408645?
2155
What is the highest common factor of 3906 and 3725064?
126
What is the highest common divisor of 4194 and 940519179?
2097
What is the highest common factor of 9050299 and 58220?
2911
Calculate the greatest common divisor of 369 and 504169989.
123
What is the highest common factor of 804 and 866604?
12
Calculate the highest common divisor of 182628 and 9462.
114
What is the greatest common factor of 750000 and 5172?
12
Calculate the highest common factor of 7238729 and 30563.
2351
Calculate the highest common factor of 14 and 1862701358.
14
Calculate the highest common factor of 4893 and 683622.
699
What is the highest common factor of 450503128 and 51?
17
What is the highest common divisor of 650 and 5183360?
130
Calculate the greatest common factor of 44652 and 108679247.
3721
Calculate the highest common factor of 76277548 and 41.
41
What is the highest common divisor of 65 and 96379510?
5
Calculate the highest common factor of 2894267 and 510.
17
Calculate the greatest common factor of 1032628 and 52.
4
Calculate the highest common factor of 37337824 and 224.
32
What is the highest common divisor of 781751 and 21479?
47
What is the highest common divisor of 124 and 3327117594?
62
Calculate the greatest common factor of 211875966 and 243.
27
Calculate the greatest common divisor of 191002836 and 24.
12
What is the greatest common factor of 302 and 4815541?
151
What is the highest common factor of 31626782 and 286?
22
Calculate the greatest common divisor of 66 and 12394316.
22
Calculate the greatest common factor of 14514 and 1408212.
354
What is the highest common divisor of 5266183 and 104?
13
What is the highest common factor of 1335115418 and 3133?
3133
What is the greatest common divisor of 7 and 37244963?
7
Calculate the greatest common factor of 2891786 and 212.
106
What is the greatest common divisor of 133 and 215208231?
133
Calculate the highest common factor of 43928417 and 2639.
377
Calculate the greatest common factor of 156630 and 758634.
1362
Calculate the greatest common factor of 10189 and 75210.
23
What is the greatest common factor of 14766680 and 5640?
40
What is the greatest common divisor of 5423 and 48703006?
319
Calculate the highest common divisor of 125147143 and 132.
11
What is the highest common divisor of 940 and 3785899820?
940
Calculate the highest common divisor of 79708 and 1552.
4
Calculate the greatest common divisor of 8668136 and 24.
8
What is the highest common divisor of 6188961 and 45114?
309
Calculate the greatest common factor of 12145 and 104944945.
12145
Calculate the greatest common divisor of 36679563 and 117.
9
Calculate the highest common factor of 1351005 and 15.
15
Calculate the greatest common divisor of 196 and 23398508.
28
What is the greatest common factor of 508096040 and 36640?
9160
Calculate the greatest common factor of 65872455 and 1035.
15
Calculate the greatest common divisor of 30660 and 26925612.
6132
Calculate the greatest common factor of 536423712 and 528.
528
Calculate the greatest common factor of 77 and 238693.
7
Calculate the highest common factor of 452 and 2007387596.
452
What is the highest common factor of 212371 and 15317?
53
What is the greatest common factor of 15177977 and 7295?
1459
What is the highest common factor of 202632 and 1488?
24
Calculate the greatest common factor of 104156 and 81433968.
8012
What is the highest common factor of 42090 and 65150?
10
What is the greatest common divisor of 119717681 and 11461?
157
What is the greatest common factor of 46980 and 32150?
10
Calculate the highest common factor of 25 and 20294975.
25
What is the highest common factor of 4814746 and 5892?
982
What is the greatest common divisor of 6269276 and 208?
52
What is the highest common factor of 206 and 17273512?
206
Calculate the greatest common factor of 6485460 and 1380.
60
Calculate the greatest common factor of 164063 and 7769.
457
Calculate the greatest common divisor of 119010782 and 6314.
902
What is the greatest common divisor of 159833553 and 6?
3
What is the highest common divisor of 512787 and 26151?
1137
What is the greatest common divisor of 141382 and 209843?
223
Calculate the highest common factor of 167581652 and 84.
28
What is the highest common factor of 4274612 and 35240?
3524
What is the greatest common divisor of 33267 and 2160756?
39
Calculate the highest common factor of 61978829 and 8439.
2813
What is the highest common factor of 277776189 and 12095?
2419
Calculate the highest common factor of 6 and 4450521.
3
What is the highest common factor of 8055 and 13646244?
537
What is the greatest common divisor of 40389160 and 40?
40
Calculate the greatest common divisor of 354240 and 155349.
369
Calculate the highest common divisor of 21619040 and 160.
160
What is the greatest common divisor of 96968 and 420019?
527
What is the highest common divisor of 57973272 and 196?
196
Calculate the greatest common factor of 17876 and 5777146.
82
What is the greatest common divisor of 1344 and 46917024?
672
Calculate the highest common factor of 2422 and 14554836.
346
Calculate the highest common factor of 24585 and 33935.
55
Calculate the greatest common factor of 105693 and 304137.
2157
Calculate the greatest common divisor of 1520 and 362643500.
380
Calculate the highest common factor of 929194 and 9114.
434
What is the highest common divisor of 124880 and 7490?
70
Calculate the highest common factor of 313 and 5747306.
313
Calculate the highest common divisor of 142 and 733614316.
142
Calculate the greatest common factor of 5180 and 103417405.
1295
What is the greatest common divisor of 3669450 and 39375?
75
Calculate the highest common divisor of 10074911 and 132.
11
What is the greatest common factor of 148043 and 49?
7
Calculate the highest common divisor of 32578 and 22518314.
182
Calculate the highest common factor of 50202849 and 339.
339
Calculate the greatest common divisor of 9 and 438819723.
9
Calculate the highest common factor of 1345080 and 184.
8
What is the greatest common divisor of 1752 and 6614676?
876
What is the highest common divisor of 363 and 124401?
3
Calculate the highest common factor of 30848 and 8880.
16
Calculate the greatest common divisor of 949476 and 374616.
132
What is the highest common factor of 17507 and 1961638?
427
What is the highest common divisor of 5 and 827013485?
5
What is the greatest common divisor of 513 and 81202219?
19
Calculate the greatest common factor of 14406 and 1249962.
42
Calculate the highest common factor of 2441216 and 5888.
256
Calculate the greatest common factor of 13523510 and 210.
70
What is the highest common divisor of 9097 and 62788?
11
Calculate the greatest common factor of 1313 and 667212767.
1313
Calculate the greatest common divisor of 11055573 and 12.
3
Calculate the greatest common factor of 11435 and 791812001.
2287
What is the highest common factor of 569346 and 2790?
186
Calculate the highest common divisor of 19881722 and 14.
14
Calculate the highest common factor of 554 and 684627106.
554
What is the greatest common factor of 248 and 4514776?
8
What is the greatest common divisor of 33472860 and 16724?
452
What is the greatest common divisor of 78 and 243559992?
78
What is the greatest common factor of 473396517 and 198?
99
Calculate the greatest common factor of 771 and 20864031.
771
Calculate the highest common divisor of 3885665 and 151420.
335
What is the greatest common divisor of 13247 and 130432?
1019
What is the highest common divisor of 4450 and 551622?
178
What is the greatest common factor of 2860104 and 7107?
309
What is the greatest common factor of 31835028 and 4228?
604
Calcul